{"id":578,"date":"2022-03-30T16:18:04","date_gmt":"2022-03-30T14:18:04","guid":{"rendered":"https:\/\/future-admin.com\/?page_id=578"},"modified":"2022-06-21T18:51:55","modified_gmt":"2022-06-21T16:51:55","slug":"services-administratifs","status":"publish","type":"page","link":"https:\/\/future-admin.com\/index.php\/services-administratifs\/","title":{"rendered":"Services Administratifs"},"content":{"rendered":"\t\t<div data-elementor-type=\"wp-page\" data-elementor-id=\"578\" class=\"elementor elementor-578\" data-elementor-settings=\"[]\">\n\t\t\t\t\t\t\t<div class=\"elementor-section-wrap\">\n\t\t\t\t\t\t\t<section class=\"elementor-section elementor-top-section elementor-element elementor-element-b6e65a4 elementor-section-boxed elementor-section-height-default elementor-section-height-default\" data-id=\"b6e65a4\" data-element_type=\"section\">\n\t\t\t\t\t\t<div class=\"elementor-container elementor-column-gap-default\">\n\t\t\t\t\t<div class=\"elementor-column elementor-col-100 elementor-top-column elementor-element elementor-element-864c55a\" data-id=\"864c55a\" data-element_type=\"column\">\n\t\t\t<div class=\"elementor-widget-wrap elementor-element-populated\">\n\t\t\t\t\t\t\t\t<div class=\"elementor-element elementor-element-b0541d0 elementor-widget elementor-widget-heading\" data-id=\"b0541d0\" data-element_type=\"widget\" data-widget_type=\"heading.default\">\n\t\t\t\t<div class=\"elementor-widget-container\">\n\t\t\t<style>\/*! elementor - v3.5.6 - 28-02-2022 *\/\n.elementor-heading-title{padding:0;margin:0;line-height:1}.elementor-widget-heading .elementor-heading-title[class*=elementor-size-]>a{color:inherit;font-size:inherit;line-height:inherit}.elementor-widget-heading .elementor-heading-title.elementor-size-small{font-size:15px}.elementor-widget-heading .elementor-heading-title.elementor-size-medium{font-size:19px}.elementor-widget-heading .elementor-heading-title.elementor-size-large{font-size:29px}.elementor-widget-heading .elementor-heading-title.elementor-size-xl{font-size:39px}.elementor-widget-heading .elementor-heading-title.elementor-size-xxl{font-size:59px}<\/style><h2 class=\"elementor-heading-title elementor-size-default\"><br>Services Administratifs<\/h2>\t\t<\/div>\n\t\t\t\t<\/div>\n\t\t\t\t\t<\/div>\n\t\t<\/div>\n\t\t\t\t\t\t\t<\/div>\n\t\t<\/section>\n\t\t\t\t<section class=\"elementor-section elementor-top-section elementor-element elementor-element-d0139bc elementor-section-boxed elementor-section-height-default elementor-section-height-default\" data-id=\"d0139bc\" data-element_type=\"section\">\n\t\t\t\t\t\t<div class=\"elementor-container elementor-column-gap-default\">\n\t\t\t\t\t<div class=\"elementor-column elementor-col-50 elementor-top-column elementor-element elementor-element-9efcf1f\" data-id=\"9efcf1f\" data-element_type=\"column\">\n\t\t\t<div class=\"elementor-widget-wrap elementor-element-populated\">\n\t\t\t\t\t\t\t\t<div class=\"elementor-element elementor-element-9fde31e elementor-widget elementor-widget-image\" data-id=\"9fde31e\" data-element_type=\"widget\" data-widget_type=\"image.default\">\n\t\t\t\t<div class=\"elementor-widget-container\">\n\t\t\t<style>\/*! elementor - v3.5.6 - 28-02-2022 *\/\n.elementor-widget-image{text-align:center}.elementor-widget-image a{display:inline-block}.elementor-widget-image a img[src$=\".svg\"]{width:48px}.elementor-widget-image img{vertical-align:middle;display:inline-block}<\/style>\t\t\t\t\t\t\t\t\t\t\t\t<img width=\"1024\" height=\"683\" src=\"https:\/\/future-admin.com\/wp-content\/uploads\/2022\/03\/pexels-oleg-magni-2058136-1024x683.jpg\" class=\"attachment-large size-large\" alt=\"\" loading=\"lazy\" srcset=\"https:\/\/future-admin.com\/wp-content\/uploads\/2022\/03\/pexels-oleg-magni-2058136-1024x683.jpg 1024w, https:\/\/future-admin.com\/wp-content\/uploads\/2022\/03\/pexels-oleg-magni-2058136-300x200.jpg 300w, https:\/\/future-admin.com\/wp-content\/uploads\/2022\/03\/pexels-oleg-magni-2058136-768x512.jpg 768w, https:\/\/future-admin.com\/wp-content\/uploads\/2022\/03\/pexels-oleg-magni-2058136-1536x1024.jpg 1536w, https:\/\/future-admin.com\/wp-content\/uploads\/2022\/03\/pexels-oleg-magni-2058136-2048x1365.jpg 2048w, https:\/\/future-admin.com\/wp-content\/uploads\/2022\/03\/pexels-oleg-magni-2058136-scaled.jpg 1920w\" sizes=\"(max-width: 1024px) 100vw, 1024px\" \/>\t\t\t\t\t\t\t\t\t\t\t\t\t\t\t<\/div>\n\t\t\t\t<\/div>\n\t\t\t\t\t<\/div>\n\t\t<\/div>\n\t\t\t\t<div class=\"elementor-column elementor-col-50 elementor-top-column elementor-element elementor-element-7faf846\" data-id=\"7faf846\" data-element_type=\"column\">\n\t\t\t<div class=\"elementor-widget-wrap elementor-element-populated\">\n\t\t\t\t\t\t\t\t<div class=\"elementor-element elementor-element-7f49a29 elementor-widget elementor-widget-text-editor\" data-id=\"7f49a29\" data-element_type=\"widget\" data-widget_type=\"text-editor.default\">\n\t\t\t\t<div class=\"elementor-widget-container\">\n\t\t\t<style>\/*! elementor - v3.5.6 - 28-02-2022 *\/\n.elementor-widget-text-editor.elementor-drop-cap-view-stacked .elementor-drop-cap{background-color:#818a91;color:#fff}.elementor-widget-text-editor.elementor-drop-cap-view-framed .elementor-drop-cap{color:#818a91;border:3px solid;background-color:transparent}.elementor-widget-text-editor:not(.elementor-drop-cap-view-default) .elementor-drop-cap{margin-top:8px}.elementor-widget-text-editor:not(.elementor-drop-cap-view-default) .elementor-drop-cap-letter{width:1em;height:1em}.elementor-widget-text-editor .elementor-drop-cap{float:left;text-align:center;line-height:1;font-size:50px}.elementor-widget-text-editor .elementor-drop-cap-letter{display:inline-block}<\/style>\t\t\t\t<p>Voici la liste non exhaustive des diff\u00e9rents services administratifs propos\u00e9s:<\/p><p>\u00b0 Saisie de documents<br \/>\u00b0 Traductions (NL\/FR\/ANG)<br \/>\u00b0 Cr\u00e9ation de tableaux \/ pr\u00e9sentations<br \/><span style=\"font-style: inherit; font-weight: inherit; background-color: var(--ast-global-color-4); color: var(--ast-global-color-3);\">\u00b0 Gestion courriers et mails<br \/><\/span><span style=\"font-style: inherit; font-weight: inherit; background-color: var(--ast-global-color-4); color: var(--ast-global-color-3);\">\u00b0 R\u00e9daction de bons de commande \/ devis<br \/><\/span><span style=\"font-style: inherit; font-weight: inherit; background-color: var(--ast-global-color-4); color: var(--ast-global-color-3);\">\u00b0 Facturation \/ notes de cr\u00e9dit<br \/><\/span><span style=\"font-style: inherit; font-weight: inherit; background-color: var(--ast-global-color-4); color: var(--ast-global-color-3);\">\u00b0 Suivi de dossiers<br \/><\/span><span style=\"font-style: inherit; font-weight: inherit; background-color: var(--ast-global-color-4); color: var(--ast-global-color-3);\">\u00b0 Agenda et gestion planning<br \/>\u00b0 Cr\u00e9ation et gestion base de donn\u00e9es clients \/ produits \/ fournisseurs<br \/><\/span><span style=\"background-color: var(--ast-global-color-4); color: var(--ast-global-color-3); font-style: inherit; font-weight: inherit;\">\u00b0 Permanence t\u00e9l\u00e9phonique<br \/>\u00b0 Gestion fournisseurs<br \/>\u00b0 Gestion litiges<br \/><\/span><span style=\"background-color: var(--ast-global-color-4); color: var(--ast-global-color-3); font-style: inherit; font-weight: inherit;\">\u00b0&#8230;<\/span><\/p>\t\t\t\t\t\t<\/div>\n\t\t\t\t<\/div>\n\t\t\t\t\t<\/div>\n\t\t<\/div>\n\t\t\t\t\t\t\t<\/div>\n\t\t<\/section>\n\t\t\t\t<section class=\"elementor-section elementor-top-section elementor-element elementor-element-613fe56 elementor-section-boxed elementor-section-height-default elementor-section-height-default\" data-id=\"613fe56\" data-element_type=\"section\">\n\t\t\t\t\t\t<div class=\"elementor-container elementor-column-gap-default\">\n\t\t\t\t\t<div class=\"elementor-column elementor-col-33 elementor-top-column elementor-element elementor-element-f2d658b\" data-id=\"f2d658b\" data-element_type=\"column\">\n\t\t\t<div class=\"elementor-widget-wrap elementor-element-populated\">\n\t\t\t\t\t\t\t\t<div class=\"elementor-element elementor-element-9bbb910 elementor-widget elementor-widget-heading\" data-id=\"9bbb910\" data-element_type=\"widget\" data-widget_type=\"heading.default\">\n\t\t\t\t<div class=\"elementor-widget-container\">\n\t\t\t<h2 class=\"elementor-heading-title elementor-size-default\">Les avantages de faire appel \u00e0 nos services<\/h2>\t\t<\/div>\n\t\t\t\t<\/div>\n\t\t\t\t\t<\/div>\n\t\t<\/div>\n\t\t\t\t<div class=\"elementor-column elementor-col-66 elementor-top-column elementor-element elementor-element-02bbe17\" data-id=\"02bbe17\" data-element_type=\"column\">\n\t\t\t<div class=\"elementor-widget-wrap elementor-element-populated\">\n\t\t\t\t\t\t\t\t<div class=\"elementor-element elementor-element-d3df5e1 elementor-widget elementor-widget-text-editor\" data-id=\"d3df5e1\" data-element_type=\"widget\" data-widget_type=\"text-editor.default\">\n\t\t\t\t<div class=\"elementor-widget-container\">\n\t\t\t\t\t\t\t<p>Il est \u00e9vident que mise \u00e0 part de vous d\u00e9charger de certaines t\u00e2ches qui occupent une partie cons\u00e9quente de votre temps, il y a un certain nombre d&rsquo;avantages li\u00e9es au fait de sous-traiter certaines de vos charges et obligations!<\/p>\n<p>Peu importe la fr\u00e9quence et la quantit\u00e9 de travail que vous souhaitez d\u00e9l\u00e9guer, vous n&rsquo;avez pas \u00e0 faire face aux frais d&#8217;embauche et les charges salariales li\u00e9es. Que ce soit pour une mission unique ou une collaboration \u00e0 base plus r\u00e9guli\u00e8re, vous profitez de la flexibilit\u00e9 qu&rsquo;offre une secr\u00e9taire ind\u00e9pendante.<\/p>\n<p><span style=\"font-style: inherit; font-weight: inherit; background-color: var(--ast-global-color-4); color: var(--ast-global-color-3);\">Vous avez l&rsquo;avantage de faire appel \u00e0 une \u00e9quipe comp\u00e9tente et exp\u00e9riment\u00e9 qui tiendra \u00e0 tout moment de mettre en avant l&rsquo;image de votre entreprise ou activit\u00e9.<br>Ces comp\u00e9tences sont acquises au cours d&rsquo;ann\u00e9es d&rsquo;exp\u00e9rience.<br>Le savoir faire, la discr\u00e9tion, serviabilit\u00e9, la capacit\u00e9 de fonctionner en toute situation de mani\u00e8re efficace et le dynamisme font de Future-Admin votre partenaire de confiance et de soutien.<\/span><\/p>\n<p>Un autre avantage, certes non n\u00e9gligeable est que les prestations fournies par nos services sont d\u00e9ductibles pour votre activit\u00e9!<\/p>\n<p><\/p>\t\t\t\t\t\t<\/div>\n\t\t\t\t<\/div>\n\t\t\t\t<div class=\"elementor-element elementor-element-8cdf4a1 elementor-widget elementor-widget-button\" data-id=\"8cdf4a1\" data-element_type=\"widget\" data-widget_type=\"button.default\">\n\t\t\t\t<div class=\"elementor-widget-container\">\n\t\t\t\t\t<div class=\"elementor-button-wrapper\">\n\t\t\t<a href=\"https:\/\/future-admin.com\/index.php\/contact\/\" class=\"elementor-button-link elementor-button elementor-size-sm\" role=\"button\">\n\t\t\t\t\t\t<span class=\"elementor-button-content-wrapper\">\n\t\t\t\t\t\t<span class=\"elementor-button-text\">Contact<\/span>\n\t\t<\/span>\n\t\t\t\t\t<\/a>\n\t\t<\/div>\n\t\t\t\t<\/div>\n\t\t\t\t<\/div>\n\t\t\t\t\t<\/div>\n\t\t<\/div>\n\t\t\t\t\t\t\t<\/div>\n\t\t<\/section>\n\t\t\t\t<section class=\"elementor-section elementor-top-section elementor-element elementor-element-391b04d elementor-section-boxed elementor-section-height-default elementor-section-height-default\" data-id=\"391b04d\" data-element_type=\"section\">\n\t\t\t\t\t\t<div class=\"elementor-container elementor-column-gap-default\">\n\t\t\t\t\t<div class=\"elementor-column elementor-col-100 elementor-top-column elementor-element elementor-element-11497b6\" data-id=\"11497b6\" data-element_type=\"column\">\n\t\t\t<div class=\"elementor-widget-wrap elementor-element-populated\">\n\t\t\t\t\t\t\t\t<div class=\"elementor-element elementor-element-d6afb28 elementor-widget elementor-widget-image\" data-id=\"d6afb28\" data-element_type=\"widget\" data-widget_type=\"image.default\">\n\t\t\t\t<div class=\"elementor-widget-container\">\n\t\t\t\t\t\t\t\t\t\t\t\t\t\t\t<img width=\"1024\" height=\"683\" src=\"https:\/\/future-admin.com\/wp-content\/uploads\/2022\/03\/pexels-andrea-piacquadio-3756678-1024x683.jpg\" class=\"attachment-large size-large\" alt=\"\" loading=\"lazy\" srcset=\"https:\/\/future-admin.com\/wp-content\/uploads\/2022\/03\/pexels-andrea-piacquadio-3756678-1024x683.jpg 1024w, https:\/\/future-admin.com\/wp-content\/uploads\/2022\/03\/pexels-andrea-piacquadio-3756678-300x200.jpg 300w, https:\/\/future-admin.com\/wp-content\/uploads\/2022\/03\/pexels-andrea-piacquadio-3756678-768x512.jpg 768w, https:\/\/future-admin.com\/wp-content\/uploads\/2022\/03\/pexels-andrea-piacquadio-3756678-1536x1024.jpg 1536w, https:\/\/future-admin.com\/wp-content\/uploads\/2022\/03\/pexels-andrea-piacquadio-3756678-2048x1365.jpg 2048w, https:\/\/future-admin.com\/wp-content\/uploads\/2022\/03\/pexels-andrea-piacquadio-3756678-scaled.jpg 1920w\" sizes=\"(max-width: 1024px) 100vw, 1024px\" \/>\t\t\t\t\t\t\t\t\t\t\t\t\t\t\t<\/div>\n\t\t\t\t<\/div>\n\t\t\t\t\t<\/div>\n\t\t<\/div>\n\t\t\t\t\t\t\t<\/div>\n\t\t<\/section>\n\t\t\t\t\t\t<\/div>\n\t\t\t\t\t<\/div>\n\t\t","protected":false},"excerpt":{"rendered":"<p>Services Administratifs Voici la liste non exhaustive des diff\u00e9rents services administratifs propos\u00e9s: \u00b0 Saisie de documents\u00b0 Traductions (NL\/FR\/ANG)\u00b0 Cr\u00e9ation de tableaux \/ pr\u00e9sentations\u00b0 Gestion courriers et mails\u00b0 R\u00e9daction de bons de commande \/ devis\u00b0 Facturation \/ notes de cr\u00e9dit\u00b0 Suivi de dossiers\u00b0 Agenda et gestion planning\u00b0 Cr\u00e9ation et gestion base de donn\u00e9es clients \/ produits &hellip;<\/p>\n<p class=\"read-more\"> <a class=\"\" href=\"https:\/\/future-admin.com\/index.php\/services-administratifs\/\"> <span class=\"screen-reader-text\">Services Administratifs<\/span> Lire la suite\u00a0\u00bb<\/a><\/p>\n","protected":false},"author":1,"featured_media":0,"parent":0,"menu_order":0,"comment_status":"closed","ping_status":"closed","template":"","meta":{"site-sidebar-layout":"no-sidebar","site-content-layout":"page-builder","ast-main-header-display":"","ast-hfb-above-header-display":"","ast-hfb-below-header-display":"","ast-hfb-mobile-header-display":"","site-post-title":"disabled","ast-breadcrumbs-content":"","ast-featured-img":"disabled","footer-sml-layout":"","theme-transparent-header-meta":"default","adv-header-id-meta":"","stick-header-meta":"","header-above-stick-meta":"","header-main-stick-meta":"","header-below-stick-meta":""},"yoast_head":"<!-- This site is optimized with the Yoast SEO plugin v18.4.1 - https:\/\/yoast.com\/wordpress\/plugins\/seo\/ -->\n<title>Services Administratifs - assistante administrative ind\u00e9pendante<\/title>\n<meta name=\"description\" content=\"Services Administratifs : Votre assistante vous propose une large gamme de services administratifs (NL \/ FR \/ ANG)\" \/>\n<meta name=\"robots\" content=\"index, follow, max-snippet:-1, max-image-preview:large, max-video-preview:-1\" \/>\n<link rel=\"canonical\" href=\"https:\/\/future-admin.com\/index.php\/services-administratifs\/\" \/>\n<meta property=\"og:locale\" content=\"fr_FR\" \/>\n<meta property=\"og:type\" content=\"article\" \/>\n<meta property=\"og:title\" content=\"Services Administratifs - assistante administrative ind\u00e9pendante\" \/>\n<meta property=\"og:description\" content=\"Services Administratifs : Votre assistante vous propose une large gamme de services administratifs (NL \/ FR \/ ANG)\" \/>\n<meta property=\"og:url\" content=\"https:\/\/future-admin.com\/index.php\/services-administratifs\/\" \/>\n<meta property=\"og:site_name\" content=\"assistante administrative ind\u00e9pendante\" \/>\n<meta property=\"article:modified_time\" content=\"2022-06-21T16:51:55+00:00\" \/>\n<meta property=\"og:image\" content=\"https:\/\/future-admin.com\/wp-content\/uploads\/2022\/03\/pexels-oleg-magni-2058136-1024x683.jpg\" \/>\n<meta name=\"twitter:card\" content=\"summary_large_image\" \/>\n<meta name=\"twitter:label1\" content=\"Dur\u00e9e de lecture estim\u00e9e\" \/>\n\t<meta name=\"twitter:data1\" content=\"2 minutes\" \/>\n<script type=\"application\/ld+json\" class=\"yoast-schema-graph\">{\"@context\":\"https:\/\/schema.org\",\"@graph\":[{\"@type\":\"Organization\",\"@id\":\"https:\/\/future-admin.com\/#organization\",\"name\":\"Future-Admin\",\"url\":\"https:\/\/future-admin.com\/\",\"sameAs\":[],\"logo\":{\"@type\":\"ImageObject\",\"@id\":\"https:\/\/future-admin.com\/#logo\",\"inLanguage\":\"fr-FR\",\"url\":\"https:\/\/future-admin.com\/wp-content\/uploads\/2022\/03\/LOGO-BLUE3-e1648030855777.png\",\"contentUrl\":\"https:\/\/future-admin.com\/wp-content\/uploads\/2022\/03\/LOGO-BLUE3-e1648030855777.png\",\"width\":200,\"height\":202,\"caption\":\"Future-Admin\"},\"image\":{\"@id\":\"https:\/\/future-admin.com\/#logo\"}},{\"@type\":\"WebSite\",\"@id\":\"https:\/\/future-admin.com\/#website\",\"url\":\"https:\/\/future-admin.com\/\",\"name\":\"assistante administrative ind\u00e9pendante\",\"description\":\"assistante administrative ind\u00e9pendante pour PME et TPE\",\"publisher\":{\"@id\":\"https:\/\/future-admin.com\/#organization\"},\"potentialAction\":[{\"@type\":\"SearchAction\",\"target\":{\"@type\":\"EntryPoint\",\"urlTemplate\":\"https:\/\/future-admin.com\/?s={search_term_string}\"},\"query-input\":\"required name=search_term_string\"}],\"inLanguage\":\"fr-FR\"},{\"@type\":\"ImageObject\",\"@id\":\"https:\/\/future-admin.com\/index.php\/services-administratifs\/#primaryimage\",\"inLanguage\":\"fr-FR\",\"url\":\"https:\/\/future-admin.com\/wp-content\/uploads\/2022\/03\/pexels-oleg-magni-2058136-scaled.jpg\",\"contentUrl\":\"https:\/\/future-admin.com\/wp-content\/uploads\/2022\/03\/pexels-oleg-magni-2058136-scaled.jpg\",\"width\":1920,\"height\":1280},{\"@type\":\"WebPage\",\"@id\":\"https:\/\/future-admin.com\/index.php\/services-administratifs\/#webpage\",\"url\":\"https:\/\/future-admin.com\/index.php\/services-administratifs\/\",\"name\":\"Services Administratifs - assistante administrative ind\u00e9pendante\",\"isPartOf\":{\"@id\":\"https:\/\/future-admin.com\/#website\"},\"primaryImageOfPage\":{\"@id\":\"https:\/\/future-admin.com\/index.php\/services-administratifs\/#primaryimage\"},\"datePublished\":\"2022-03-30T14:18:04+00:00\",\"dateModified\":\"2022-06-21T16:51:55+00:00\",\"description\":\"Services Administratifs : Votre assistante vous propose une large gamme de services administratifs (NL \/ FR \/ ANG)\",\"breadcrumb\":{\"@id\":\"https:\/\/future-admin.com\/index.php\/services-administratifs\/#breadcrumb\"},\"inLanguage\":\"fr-FR\",\"potentialAction\":[{\"@type\":\"ReadAction\",\"target\":[\"https:\/\/future-admin.com\/index.php\/services-administratifs\/\"]}]},{\"@type\":\"BreadcrumbList\",\"@id\":\"https:\/\/future-admin.com\/index.php\/services-administratifs\/#breadcrumb\",\"itemListElement\":[{\"@type\":\"ListItem\",\"position\":1,\"name\":\"Home\",\"item\":\"https:\/\/future-admin.com\/\"},{\"@type\":\"ListItem\",\"position\":2,\"name\":\"Services Administratifs\"}]}]}<\/script>\n<!-- \/ Yoast SEO plugin. -->","yoast_head_json":{"title":"Services Administratifs - assistante administrative ind\u00e9pendante","description":"Services Administratifs : Votre assistante vous propose une large gamme de services administratifs (NL \/ FR \/ ANG)","robots":{"index":"index","follow":"follow","max-snippet":"max-snippet:-1","max-image-preview":"max-image-preview:large","max-video-preview":"max-video-preview:-1"},"canonical":"https:\/\/future-admin.com\/index.php\/services-administratifs\/","og_locale":"fr_FR","og_type":"article","og_title":"Services Administratifs - assistante administrative ind\u00e9pendante","og_description":"Services Administratifs : Votre assistante vous propose une large gamme de services administratifs (NL \/ FR \/ ANG)","og_url":"https:\/\/future-admin.com\/index.php\/services-administratifs\/","og_site_name":"assistante administrative ind\u00e9pendante","article_modified_time":"2022-06-21T16:51:55+00:00","og_image":[{"url":"https:\/\/future-admin.com\/wp-content\/uploads\/2022\/03\/pexels-oleg-magni-2058136-1024x683.jpg"}],"twitter_card":"summary_large_image","twitter_misc":{"Dur\u00e9e de lecture estim\u00e9e":"2 minutes"},"schema":{"@context":"https:\/\/schema.org","@graph":[{"@type":"Organization","@id":"https:\/\/future-admin.com\/#organization","name":"Future-Admin","url":"https:\/\/future-admin.com\/","sameAs":[],"logo":{"@type":"ImageObject","@id":"https:\/\/future-admin.com\/#logo","inLanguage":"fr-FR","url":"https:\/\/future-admin.com\/wp-content\/uploads\/2022\/03\/LOGO-BLUE3-e1648030855777.png","contentUrl":"https:\/\/future-admin.com\/wp-content\/uploads\/2022\/03\/LOGO-BLUE3-e1648030855777.png","width":200,"height":202,"caption":"Future-Admin"},"image":{"@id":"https:\/\/future-admin.com\/#logo"}},{"@type":"WebSite","@id":"https:\/\/future-admin.com\/#website","url":"https:\/\/future-admin.com\/","name":"assistante administrative ind\u00e9pendante","description":"assistante administrative ind\u00e9pendante pour PME et TPE","publisher":{"@id":"https:\/\/future-admin.com\/#organization"},"potentialAction":[{"@type":"SearchAction","target":{"@type":"EntryPoint","urlTemplate":"https:\/\/future-admin.com\/?s={search_term_string}"},"query-input":"required name=search_term_string"}],"inLanguage":"fr-FR"},{"@type":"ImageObject","@id":"https:\/\/future-admin.com\/index.php\/services-administratifs\/#primaryimage","inLanguage":"fr-FR","url":"https:\/\/future-admin.com\/wp-content\/uploads\/2022\/03\/pexels-oleg-magni-2058136-scaled.jpg","contentUrl":"https:\/\/future-admin.com\/wp-content\/uploads\/2022\/03\/pexels-oleg-magni-2058136-scaled.jpg","width":1920,"height":1280},{"@type":"WebPage","@id":"https:\/\/future-admin.com\/index.php\/services-administratifs\/#webpage","url":"https:\/\/future-admin.com\/index.php\/services-administratifs\/","name":"Services Administratifs - assistante administrative ind\u00e9pendante","isPartOf":{"@id":"https:\/\/future-admin.com\/#website"},"primaryImageOfPage":{"@id":"https:\/\/future-admin.com\/index.php\/services-administratifs\/#primaryimage"},"datePublished":"2022-03-30T14:18:04+00:00","dateModified":"2022-06-21T16:51:55+00:00","description":"Services Administratifs : Votre assistante vous propose une large gamme de services administratifs (NL \/ FR \/ ANG)","breadcrumb":{"@id":"https:\/\/future-admin.com\/index.php\/services-administratifs\/#breadcrumb"},"inLanguage":"fr-FR","potentialAction":[{"@type":"ReadAction","target":["https:\/\/future-admin.com\/index.php\/services-administratifs\/"]}]},{"@type":"BreadcrumbList","@id":"https:\/\/future-admin.com\/index.php\/services-administratifs\/#breadcrumb","itemListElement":[{"@type":"ListItem","position":1,"name":"Home","item":"https:\/\/future-admin.com\/"},{"@type":"ListItem","position":2,"name":"Services Administratifs"}]}]}},"_links":{"self":[{"href":"https:\/\/future-admin.com\/index.php\/wp-json\/wp\/v2\/pages\/578"}],"collection":[{"href":"https:\/\/future-admin.com\/index.php\/wp-json\/wp\/v2\/pages"}],"about":[{"href":"https:\/\/future-admin.com\/index.php\/wp-json\/wp\/v2\/types\/page"}],"author":[{"embeddable":true,"href":"https:\/\/future-admin.com\/index.php\/wp-json\/wp\/v2\/users\/1"}],"replies":[{"embeddable":true,"href":"https:\/\/future-admin.com\/index.php\/wp-json\/wp\/v2\/comments?post=578"}],"version-history":[{"count":27,"href":"https:\/\/future-admin.com\/index.php\/wp-json\/wp\/v2\/pages\/578\/revisions"}],"predecessor-version":[{"id":791,"href":"https:\/\/future-admin.com\/index.php\/wp-json\/wp\/v2\/pages\/578\/revisions\/791"}],"wp:attachment":[{"href":"https:\/\/future-admin.com\/index.php\/wp-json\/wp\/v2\/media?parent=578"}],"curies":[{"name":"wp","href":"https:\/\/api.w.org\/{rel}","templated":true}]}}